{"id":227404,"date":"2024-03-13T11:22:04","date_gmt":"2024-03-13T11:22:04","guid":{"rendered":"https:\/\/asmc-test.es\/old_asmc\/membre-pedagogique\/elodie-j\/"},"modified":"2024-04-01T16:40:10","modified_gmt":"2024-04-01T14:40:10","slug":"elodie-j","status":"publish","type":"membre-pedagogique","link":"https:\/\/asmc.education\/asmc\/membre-pedagogique\/elodie-j\/","title":{"rendered":"Elodie J."},"content":{"rendered":"<p>Elle est th\u00e9rapeute install\u00e9e en cabinet depuis 2005. Diff\u00e9rentes formations ont jalonn\u00e9 son parcours. Certifi\u00e9e en Shiatsu puis assistante de formation, elle s\u2019est tourn\u00e9e \u00e9galement vers la r\u00e9flexologie plantaire chinoise et en th\u00e9rapie manuelle japonaise Yumeiho. Puis elle a suivi les cursus complets de Philippe Sionneau et pr\u00e9cis\u00e9ment : la Formation Sup\u00e9rieure en Acupuncture, la Formation Sup\u00e9rieure en Pharmacop\u00e9e Chinoise et la Formation Sup\u00e9rieure en Di\u00e9t\u00e9tique Chinoise. Tr\u00e8s appr\u00e9ci\u00e9e par ses consultants, elle applique les 4 arts majeurs de la m\u00e9decine chinoise dans son cabinet en Bretagne. Son professionnalisme, son exp\u00e9rience est un grand atout pour l\u2019\u00e9quipe de l\u2019ASMC. Elle est la <strong>co-responsable du centre de Nantes.<\/strong><\/p>\n","protected":false},"excerpt":{"rendered":"<p>Elle est th\u00e9rapeute install\u00e9e en cabinet depuis 2005. Diff\u00e9rentes formations ont jalonn\u00e9 son parcours. Certifi\u00e9e en Shiatsu puis assistante de formation, elle s\u2019est tourn\u00e9e \u00e9galement vers la r\u00e9flexologie plantaire chinoise et en th\u00e9rapie manuelle japonaise Yumeiho. Puis elle a suivi les cursus complets de Philippe Sionneau et pr\u00e9cis\u00e9ment : la Formation Sup\u00e9rieure en Acupuncture, la [&hellip;]<\/p>\n","protected":false},"featured_media":227403,"template":"","class_list":["post-227404","membre-pedagogique","type-membre-pedagogique","status-publish","has-post-thumbnail","hentry"],"_links":{"self":[{"href":"https:\/\/asmc.education\/asmc\/wp-json\/wp\/v2\/membre-pedagogique\/227404","targetHints":{"allow":["GET"]}}],"collection":[{"href":"https:\/\/asmc.education\/asmc\/wp-json\/wp\/v2\/membre-pedagogique"}],"about":[{"href":"https:\/\/asmc.education\/asmc\/wp-json\/wp\/v2\/types\/membre-pedagogique"}],"wp:featuredmedia":[{"embeddable":true,"href":"https:\/\/asmc.education\/asmc\/wp-json\/wp\/v2\/media\/227403"}],"wp:attachment":[{"href":"https:\/\/asmc.education\/asmc\/wp-json\/wp\/v2\/media?parent=227404"}],"curies":[{"name":"wp","href":"https:\/\/api.w.org\/{rel}","templated":true}]}}

<p>Elle est thérapeute installée en cabinet depuis 2005. Différentes formations ont jalonné son parcours. Certifiée en Shiatsu puis assistante de formation, elle s’est tournée également vers la réflexologie plantaire chinoise et en thérapie manuelle japonaise Yumeiho. Puis elle a suivi les cursus complets de Philippe Sionneau et précisément : la Formation Supérieure en Acupuncture, la Formation Supérieure en Pharmacopée Chinoise et la Formation Supérieure en Diététique Chinoise. Très appréciée par ses consultants, elle applique les 4 arts majeurs de la médecine chinoise dans son cabinet en Bretagne. Son professionnalisme, son expérience est un grand atout pour l’équipe de l’ASMC. Elle est la <strong>co-responsable du centre de Nantes.</strong></p>

<p>Elle est thérapeute installée en cabinet depuis 2005. Différentes formations ont jalonné son parcours. Certifiée en Shiatsu puis assistante de formation, elle s’est tournée également vers la réflexologie plantaire chinoise et en thérapie manuelle japonaise Yumeiho. Puis elle a suivi les cursus complets de Philippe Sionneau et précisément : la Formation Supérieure en Acupuncture, la [&hellip;]</p>
