{"id":227394,"date":"2024-03-14T18:18:11","date_gmt":"2024-03-14T18:18:11","guid":{"rendered":"https:\/\/asmc-test.es\/old_asmc\/membre-pedagogique\/donghwa-v\/"},"modified":"2024-03-14T18:18:11","modified_gmt":"2024-03-14T18:18:11","slug":"donghwa-v","status":"publish","type":"membre-pedagogique","link":"https:\/\/asmc.education\/asmc\/membre-pedagogique\/donghwa-v\/","title":{"rendered":"Donghwa V."},"content":{"rendered":"<p>Donghwa V. pratique les arts manuels asiatiques depuis 10 ans sur Bergerac (24). Il est depuis le d\u00e9but de sa pratique, l\u2019\u00e9l\u00e8ve de Thierry B. Les formations qu\u2019il a re\u00e7ues se sont inscrites dans une continuit\u00e9 de sa pratique martiale. Form\u00e9 en massage Tui Na, en acupuncture et en Th\u00e9rapie Yumeiho\u00ae\ufe0f il se consacre \u00e0 ses consultations et \u00e0 l\u2019enseignement. Assistant des formations Yumeiho France, il enseigne \u00e9galement le Tui Na chinois. Ses 23 ann\u00e9es dans l\u2019\u00e9ducation sp\u00e9cialis\u00e9e ainsi que 7 ann\u00e9es en tant qu\u2019entra\u00eeneur de badminton lui sont d\u2019une aide pr\u00e9cieuse dans la compr\u00e9hension des dynamiques de groupes et la relation d\u2019aide. Reconnu pour sa rigueur, son authenticit\u00e9 et son pragmatisme, il a \u00e0 c\u0153ur de transmettre son savoir faire. Il est l\u2019un des <strong>piliers de l\u2019enseignement du massage chinois au sein de l\u2019ASMC<\/strong>.<\/p>\n","protected":false},"excerpt":{"rendered":"<p>Donghwa V. pratique les arts manuels asiatiques depuis 10 ans sur Bergerac (24). Il est depuis le d\u00e9but de sa pratique, l\u2019\u00e9l\u00e8ve de Thierry B. Les formations qu\u2019il a re\u00e7ues se sont inscrites dans une continuit\u00e9 de sa pratique martiale. Form\u00e9 en massage Tui Na, en acupuncture et en Th\u00e9rapie Yumeiho\u00ae\ufe0f il se consacre \u00e0 [&hellip;]<\/p>\n","protected":false},"featured_media":227393,"template":"","class_list":["post-227394","membre-pedagogique","type-membre-pedagogique","status-publish","has-post-thumbnail","hentry"],"_links":{"self":[{"href":"https:\/\/asmc.education\/asmc\/wp-json\/wp\/v2\/membre-pedagogique\/227394","targetHints":{"allow":["GET"]}}],"collection":[{"href":"https:\/\/asmc.education\/asmc\/wp-json\/wp\/v2\/membre-pedagogique"}],"about":[{"href":"https:\/\/asmc.education\/asmc\/wp-json\/wp\/v2\/types\/membre-pedagogique"}],"wp:featuredmedia":[{"embeddable":true,"href":"https:\/\/asmc.education\/asmc\/wp-json\/wp\/v2\/media\/227393"}],"wp:attachment":[{"href":"https:\/\/asmc.education\/asmc\/wp-json\/wp\/v2\/media?parent=227394"}],"curies":[{"name":"wp","href":"https:\/\/api.w.org\/{rel}","templated":true}]}}

<p>Donghwa V. pratique les arts manuels asiatiques depuis 10 ans sur Bergerac (24). Il est depuis le début de sa pratique, l’élève de Thierry B. Les formations qu’il a reçues se sont inscrites dans une continuité de sa pratique martiale. Formé en massage Tui Na, en acupuncture et en Thérapie Yumeiho®️ il se consacre à ses consultations et à l’enseignement. Assistant des formations Yumeiho France, il enseigne également le Tui Na chinois. Ses 23 années dans l’éducation spécialisée ainsi que 7 années en tant qu’entraîneur de badminton lui sont d’une aide précieuse dans la compréhension des dynamiques de groupes et la relation d’aide. Reconnu pour sa rigueur, son authenticité et son pragmatisme, il a à cœur de transmettre son savoir faire. Il est l’un des <strong>piliers de l’enseignement du massage chinois au sein de l’ASMC</strong>.</p>

<p>Donghwa V. pratique les arts manuels asiatiques depuis 10 ans sur Bergerac (24). Il est depuis le début de sa pratique, l’élève de Thierry B. Les formations qu’il a reçues se sont inscrites dans une continuité de sa pratique martiale. Formé en massage Tui Na, en acupuncture et en Thérapie Yumeiho®️ il se consacre à [&hellip;]</p>
